 598486. What is the tens digit of s?
9
Suppose -5*g + 2*z + 1094 = 0, 3*z + 750 = -5*g + 1859. Suppose -4*u + 1716 - g = -5*s, 5*u = -5*s + 1825. What is the tens digit of u?
6
Suppose -4*w + 5*w = 2. Let p be (3/(-12))/(w + (-100)/48). Suppose 4*a = p*h + 999, 3*h - 24 - 471 = -2*a. What is the hundreds digit of a?
2
Suppose 186655 = 2*q + 9*q + 9984. What is the hundreds digit of q?
0
Let a(n) = -3*n**3 - 10*n**2 + 44*n - 20. Let z be a(-10). Suppose 132*b = 125*b + z. What is the tens digit of b?
2
Let q(n) = -7670*n + 3203. What is the tens digit of q(-4)?
8
Let i be 2337/(-6)*(0 - -4). What is the hundreds digit of (i/(-4))/((-3)/(-6))?
7
Let f = 178 + -178. Suppose f = 2*m - 3*p - 796, 16*m - 12*m + 5*p = 1592. What is the units digit of m?
8
Suppose -3*q = -15 - 12. Suppose -q*h + 23 = -4. Suppose -h*o - 309 = -5*r, -5*r - 6*o + o + 285 = 0. What is the tens digit of r?
6
Let a(b) = b**3 + 41*b**2 + 56*b + 228. What is the thousands digit of a(-38)?
2
What is the hundreds digit of ((-9)/(-15))/(-2 - -1) + (-113742)/(-445)?
2
What is the tens digit of ((-28366)/15 - 4/(-10))/(136/(-408))?
7
Let f = -34069 + 70457. What is the thousands digit of f?
6
Let d be 2/(-9) + (-5)/45*25. Let r be (951/(-2))/(d/8*2). Suppose -4*f + r = -418. What is the tens digit of f?
6
Let g(m) = 237*m**2 - 204*m + 1997. What is the thousands digit of g(10)?
3
Let k(g) = -4 - 11 - 7*g + 262*g**2 - 16*g - 251*g**2. What is the units digit of k(12)?
3
What is the hundreds digit of 13491 + (-1)/9 + 3182/774?
4
Let m(z) be the second derivative of -z**5/20 + 5*z**4/4 + 31*z**3/6 + 22*z**2 - 165*z. What is the hundreds digit of m(14)?
6
What is the units digit of (-28 - (-45 - -13)) + (14*-1567)/(-1)?
2
Suppose -204*b - 2788134 = 216*b - 467*b. What is the thousands digit of b?
9
Let w(r) = 3*r - 3*r - 5*r + 28 - 3*r. Suppose 5*v = -2*o - 4 - 37, 13 = -4*v + 5*o. What is the tens digit of w(v)?
8
Let t = -447 + 574. Let m = 2 + t. What is the tens digit of m?
2
Let c(y) = 2*y + 2. Let p be c(0). Let i(j) = -4*j**2 + 19*j - j**3 - 17*j**2 + 11 - j**p. What is the tens digit of i(-23)?
0
Let r(j) = 47*j - 114. Let f be r(4). Suppose -3*s - f = -2600. What is the units digit of s?
2
Let v(r) = r - 13. Let y be v(17). Suppose -5 + 1 = -y*m. Suppose i = m, -2*i - 76 = -3*l - 6*i. What is the units digit of l?
4
Let v(y) = 128*y**3 + y**2 - y + 1. Suppose 61 - 82 = -3*n. Suppose -8*q = -q - n. What is the hundreds digit of v(q)?
1
What is the tens digit of (-57)/(-38) - (112242/(-12) - -5)?
5
Let j(q) = -q**3 + 17*q**2 + 7*q + 5. Let p(m) be the second derivative of m**3/2 + m**2 - 5*m. Let b be p(5). What is the units digit of j(b)?
4
Let f(x) = 1078*x - 901. What is the tens digit of f(11)?
5
Suppose 3*i + 3*i + 18 = 0. Let u be 1 + 9*i/27*-3. Suppose l = u*r + 45, 4*l + r = -0*r + 214. What is the tens digit of l?
5
Suppose 7 = -2*y + 5*d, 0 = 3*y + 2*y + 5*d. Let i(j) = 12*j. Let h be i(y). Let x(l) = -l**3 - 11*l**2 - 15. What is the tens digit of x(h)?
2
Suppose -3*m + 3*p = -43659, 0 = -5*m - 4*p + 59134 + 13703. What is the hundreds digit of m?
5
Suppose -f + 21841 = 5*w, -157*w + 2*f + 21838 = -152*w. What is the units digit of w?
8
Suppose 180*i = 167*i - 4771. Let n = i + 420. What is the tens digit of n?
5
Let s(b) be the first derivative of -10*b + 11/2*b**2 - 1/3*b**3 - 23. What is the tens digit of s(7)?
1
Suppose 64*k - 1710 = 59*k. Suppose 0 = 2*b - 2*n - k, n + 871 = 5*b - 0*n. What is the tens digit of b?
7
Let g = 26 - 35. Let w = g - -7. What is the tens digit of (-15)/w*(-16)/(-12)?
1
Suppose -6*k - 20*k + 468 = 0. What is the units digit of k/(-27) + 622/6?
3
Suppose -4*a + 5*m + 0*m + 4631 = 0, a + 3*m = 1162. Suppose a = 19*w - 1197. What is the units digit of w?
4
Let b = 4 - 2. Suppose -2*x = -5*c - 6, -x + 0 + 2 = -b*c. What is the tens digit of (14 - -3)/((-1)/(2/c))?
1
Let i = 1457 + -1452. Suppose 2*r + 4*j = -2*r + 200, -158 = -3*r + j. Let c = r + i. What is the units digit of c?
7
Suppose m + 5*r = 16021, -4*r - 4823 - 43354 = -3*m. What is the ten thousands digit of m?
1
Let p = 130462 - 90583. What is the ten thousands digit of p?
3
Let y(n) = -1284*n - 8168. What is the thousands digit of y(-14)?
9
Let w(u) = -4 + 39*u + 13 + 28. What is the hundreds digit of w(9)?
3
Let j(k) be the third derivative of -5*k**4/12 + 97*k**3/2 + 218*k**2. What is the tens digit of j(0)?
9
Let j(k) = -9*k**2 - 4. Let b be j(-6). Let w = -729 - b. Let m = w + 607. What is the hundreds digit of m?
2
Suppose 13904 = 22*q - 3168. Suppose 0 = 8*g - 4224 + q. What is the hundreds digit of g?
4
Let q(n) = -n**2 - 16*n + 22. Let l(b) = -b**3 + 6*b**2 - 6*b - 12. Let p be l(5). What is the units digit of q(p)?
5
Suppose 3*j + 5*m - 13 - 11 = 0, 0 = j - 3*m + 6. Suppose -16 = n - j*n. What is the tens digit of -166*(-4 - (-28)/n)?
8
Let k(g) = -g**2 + 61. Let l be k(7). What is the units digit of -2*(6 - 1002/l)?
5
Let c = -15748 - -81846. What is the hundreds digit of c?
0
Let z = 2 - 0. Let d(l) = -22*l - 372. Let k be d(-17). What is the units digit of 133 + (4/z - k) + 3?
6
Let t = 355 + 448. Let a = 2082 - t. What is the thousands digit of a?
1
Suppose 53*t + 1452 = 55*t. Let s = t - 482. What is the tens digit of s?
4
What is the ten thousands digit of (-1452536)/155*(3 - (-44)/(-8))?
2
Let n = 26462 + -17781. What is the thousands digit of n?
8
Let h(y) = 4*y + 128. Let d(a) = 5*a + 164. Let j(t) = -3*d(t) + 4*h(t). Suppose i = 3*i - 22. What is the tens digit of j(i)?
3
Suppose -2*j + 11*j = 9. Let w(d) = d + 17. Let g be w(-13). Suppose 3 = g*y - j. What is the units digit of y?
1
Suppose 0 = 7*j - 2*j - 2*y + 144, -114 = 4*j - 2*y. Let h be (-10)/75 + (-4624)/j. Suppose c - h = -c. What is the units digit of c?
7
Suppose 94370 = 7*v - 74764. What is the units digit of v?
2
Let u = -21 + 858. Let p = -403 + u. What is the units digit of p?
4
Let y(s) = -7*s + 9. Suppose -7*a - 1 = -8. Let w be y(a). Suppose 0 = w*k + 6, 4*j + 5*k - 402 = j. What is the tens digit of j?
3
Let i(v) = 4*v**2 + 7*v - 43. Let m be i(12). Let d = m + -283. What is the tens digit of d?
3
Suppose -14 = 5*v + 116. What is the hundreds digit of (5577/v - 12)*(-3 + 1)?
4
Let v(u) = 14*u + 34. Let q be v(-4). Let d = -20 - q. Suppose -4*t - f = -3*t - 33, -d*t - f + 69 = 0. What is the tens digit of t?
3
Suppose 5*k + 5*i - 30 = 0, -91*k + 92*k - 6 = 2*i. Suppose -4*d + 3*a = -a - 1600, 4*d - 1575 = -a. Suppose -d = k*j - 11*j. What is the units digit of j?
9
Suppose 0 = -94*w + 2284337 + 394513 + 454828. What is the thousands digit of w?
3
Let u = 14 + -17. What is the units digit of (21120/(-18))/(-5) + 2/u?
4
Let b be 2 - ((-11)/3)/((-14)/42). Let v be ((-43497)/6)/b + (-6)/(-4). Suppose 5*p = -4*f + v + 253, 3*p = 0. What is the tens digit of f?
6
Let c(j) = -j**3 - 4*j**2 - j + 1. Let l be c(-4). What is the units digit of -5 + (7 - (l - 4))?
1
Let u = 4060 - 1907. What is the hundreds digit of u?
1
Let v = -208 + 224. What is the tens digit of 8536/v - ((-9)/(-6) - 1)?
3
What is the units digit of (4/32 + (-36420)/32)*-6?
8
Suppose 114*w = 96*w + 190530. What is the ten thousands digit of w?
1
Suppose b - 15828 = -2*g, -4*g - 1096*b = -1095*b - 31652. What is the thousands digit of g?
7
Let q(i) = i**3 + 65*i**2 - 20*i + 13. What is the hundreds digit of q(-19)?
9
Suppose -3*s + 143234 = 2*u - 16031, 3*u = -s + 238880. What is the ten thousands digit of u?
7
Suppose 196*w - 194*w + 130324 = 4*z, 2*w = -4*z + 130332. What is the ten thousands digit of z?
3
Let c = -44 + 45. Let i be c/((-42)/36)*(-1 - 1014). Suppose -i = h - 6*h. What is the hundreds digit of h?
1
What is the tens digit of 243240/108 - 10 - 2/9?
4
Let j(b) = -6*b + 36. Let y be j(6). Let f(l) = -l**2 + 5. Let m be f(y). Suppose m*z = 4*o + 1190, -3*z + 4*o + 0*o = -714. What is the units digit of z?
8
Suppose 9 = 3*p, -3*p - 61902 = -230*r + 227*r. What is the thousands digit of r?
0
Let r = -3417 + 14921. What is the units digit of r?
4
Let d(c) = 210*c - 654. What is the units digit of d(25)?
6
Suppose -2*z - 3*u + 1852 = 0, 4*z + 936 - 4648 = -2*u. Suppose 2*v - z - 1805 = -3*n, -4*n = v - 3652. What is the units digit of n?
4
Suppose 21466 = 2*n + 4*j, -3*j - 36 + 51 = 0. What is the hundreds digit of n